e?
True
Is 219030187 prime?
True
Is 3940374419 prime?
False
Is 3014972255 prime?
False
Is 21514560799 composite?
False
Is 723712553 a composite number?
False
Is 528433507 composite?
True
Is 706857755 prime?
False
Is 7455254699 composite?
True
Is 78163883543 a prime number?
True
Is 3335023729 prime?
False
Is 6693896779 prime?
False
Is 3093412678 a prime number?
False
Is 156152489 prime?
False
Is 46009821491 composite?
True
Is 1370802133 composite?
False
Is 321510073 composite?
False
Is 5614952897 prime?
False
Is 5310155341 a prime number?
True
Is 27808576946 a composite number?
True
Is 103183753651 prime?
False
Is 17561160809 composite?
True
Is 63283215631 prime?
False
Is 15446619593 prime?
False
Is 2681875909 composite?
False
Is 11230185539 prime?
True
Is 6301360181 composite?
False
Is 71626367111 a composite number?
True
Is 33476823343 composite?
True
Is 12861464891 prime?
False
Is 3566301751 a prime number?
False
Is 10064387303 composite?
True
Is 4052217511 a prime number?
True
Is 1300604947 a prime number?
True
Is 5692638743 prime?
False
Is 13498585831 a composite number?
False
Is 2823654173 a prime number?
True
Is 535111519 a composite number?
True
Is 41057388389 a prime number?
False
Is 35665931 composite?
True
Is 95699517499 a composite number?
False
Is 4146922151 a prime number?
True
Is 140634737 a prime number?
False
Is 11892891007 prime?
True
Is 1817483611 prime?
False
Is 67941243103 prime?
True
Is 1302639053 a prime number?
False
Is 1251749399 a prime number?
True
Is 21475967993 a prime number?
False
Is 97775974729 composite?
True
Is 15756519161 a composite number?
True
Is 19385006411 a prime number?
True
Is 83687757229 composite?
False
Is 267110993 prime?
True
Is 28599238289 prime?
False
Is 843422381 a composite number?
True
Is 16867344383 composite?
False
Is 1952012107 a prime number?
False
Is 191078959 a composite number?
True
Is 42792524347 prime?
True
Is 1172620567 a composite number?
False
Is 293586407 a prime number?
True
Is 472009451 composite?
False
Is 8433659177 prime?
False
Is 290499215 prime?
False
Is 975457343 a prime number?
False
Is 1592000393 prime?
True
Is 11158087 a prime number?
True
Is 765745067 composite?
False
Is 3550574471 composite?
True
Is 265180453 a prime number?
True
Is 11377727461 prime?
True
Is 5983531289 prime?
True
Is 11057702815 prime?
False
Is 518269771 composite?
False
Is 471119731 a prime number?
True
Is 603322043 prime?
False
Is 960205231 a composite number?
True
Is 622693333 a composite number?
False
Is 230243556571 a composite number?
True
Is 291347294891 a composite number?
False
Is 334772323 a prime number?
False
Is 1376227327 a composite number?
False
Is 24731936069 a composite number?
False
Is 20100764561 a prime number?
True
Is 9568572469 prime?
False
Is 61592683877 a composite number?
False
Is 3745189241 a prime number?
False
Is 103548450793 composite?
False
Is 4947195011 prime?
False
Is 1153906967 a prime number?
False
Is 15624585803 composite?
False
Is 9579036347 composite?
True
Is 193523316869 prime?
True
Is 51452758463 a composite number?
True
Is 275027173 a composite number?
True
Is 12460701073 composite?
True
Is 97849984217 a composite number?
True
Is 651641231 composite?
True
Is 672418421 prime?
True
Is 39486443 composite?
False
Is 18769580197 a prime number?
True
Is 136711511 prime?
True
Is 181950667 a composite number?
True
Is 4264908502 prime?
False
Is 7252355707 composite?
True
Is 90836445943 a composite number?
False
Is 6667352845 a prime number?
False
Is 37761679897 composite?
True
Is 902016121 a prime number?
True
Is 131330763659 a composite number?
True
Is 44410349539 prime?
False
Is 111978142069 a composite number?
True
Is 379124503 a composite number?
True
Is 62872231 a composite number?
False
Is 2654099167 a prime number?
True
Is 61397747 a composite number?
True
Is 1461948713 composite?
False
Is 45524483 a prime number?
False
Is 337764589 a prime number?
True
Is 592171091 a prime number?
False
Is 43213641313 composite?
True
Is 195632345423 a composite number?
False
Is 12094210519 composite?
True
Is 3032632166 a composite number?
True
Is 1522894411 a composite number?
False
Is 56097231 composite?
True
Is 1923272479 a composite number?
False
Is 53271324113 composite?
True
Is 73537667429 composite?
False
Is 2267011339 a composite number?
True
Is 9669826669 composite?
False
Is 70112986177 a prime number?
False
Is 1015848749 composite?
False
Is 96341155843 a composite number?
True
Is 68221392259 a composite number?
True
Is 550267657 a composite number?
True
Is 28925546269 prime?
True
Is 781122029 a composite number?
False
Is 31811825443 prime?
True
Is 37813414403 composite?
True
Is 166346466289 composite?
True
Is 236104207 a prime number?
False
Is 44743070263 prime?
False
Is 3900638353 a prime number?
False
Is 4573326029 prime?
True
Is 21460299929 a prime number?
True
Is 154562071 a composite number?
True
Is 475160617 a composite number?
False
Is 70659313939 composite?
False
Is 459085841 a composite number?
True
Is 606522017 a prime number?
False
Is 410212199 a composite number?
True
Is 6367895671 composite?
True
Is 88248482389 composite?
False
Is 2282263163 composite?
False
Is 83880751 prime?
True
Is 4485059921 a prime number?
False
Is 466507999 prime?
False
Is 17508931597 prime?
True
Is 1061733653 a composite number?
False
Is 14578302229 a composite number?
False
Is 2069677 a prime number?
False
Is 1697611033 a composite number?
True
Is 88303739 a prime number?
False
Is 4582827115 a composite number?
True
Is 8160473 a composite number?
False
Is 445242607 composite?
True
Is 3177022859 a prime number?
True
Is 1673251601 a prime number?
False
Is 137608409 a prime number?
True
Is 2112013963 composite?
False
Is 1442972757 composite?
True
Is 8429086619 a prime number?
False
Is 152929820429 a composite number?
False
Is 84340065331 a prime number?
False
Is 8731417 prime?
True
Is 771554747 composite?
True
Is 64647237517 a prime number?
True
Is 57449720033 a prime number?
True
Is 351254077 a composite number?
True
Is 32991715 a prime number?
False
Is 2212060813 prime?
False
Is 1611471649 prime?
True
Is 213639191 a composite number?
False
Is 686841581 a prime number?
True
Is 72666093013 prime?
True
Is 31061306587 a composite number?
False
Is 4700400763 a prime number?
True
Is 3768485443 composite?
True
Is 14233092353 prime?
False
Is 4170473179 prime?
False
Is 6682306391 a composite number?
True
Is 537496978 a prime number?
False
Is 45255448019 a composite number?
False
Is 6078379271 prime?
False
Is 90980321 prime?
False
Is 3835117699 prime?
False
Is 27719705203 prime?
True
Is 33320835589 prime?
False
Is 36889182443 a composite number?
False
Is 1718225057 prime?
False
Is 6378931633 prime?
False
Is 5678771333 a prime number?
True
Is 194027611 prime?
True
Is 4514159701 composite?
False
Is 10388456719 prime?
True
Is 22349529463 a composite number?
False
Is 1182841109 a composite number?
False
Is 71473019 composite?
False
Is 132769909 a composite number?
False
Is 16774611907 a composite number?
False
Is 4858004033 composite?
True
Is 5365405439 composite?
False
Is 2593654559 prime?
True
Is 10435299173 prime?
False
Is 2714111951 composite?
False
Is 250005868681 a prime number?
True
Is 90076967881 a prime number?
False
Is 1077516485 prime?
False
Is 3675286057 a composite number?
True
Is 124115615857 a composite number?
False
Is 1080656453 a prime number?
True
Is 6046504413 a prime number?
False
Is 139714054267 prime?
True
Is 141350689 prime?
False
Is 610678813 a prime number?
True
Is 141557417 prime?
True
Is 53755434107 a prime number?
False
Is 6184661342 prime?
False
Is 49454533913 composite?
False
Is 2280236785 composite?
True
Is 2660787193 composite?
True
Is 3121887793 a prime number?
False
Is 1770424189 a prime number?
False
Is 912883577 a composite number?
True
Is 7631394301 a composite number?
True
Is 7360915321 a composite number?
True
Is 962902043 composite?
False
Is 1019525429 a prime number?
False
Is 18652572247 composite?
True
Is 35104873169 a composite number?
False
Is 267169303831 prime?
False
Is 134939257 composite?
True
Is 5521862779 composite?
False
Is 565308199 prime?
True
Is 16489315637 prime?
False
Is 131635676117 composite?
True
Is 1643077571 prime?
True
Is 6783798379